.
-22
Suppose 4*w + 2*j = -2*j - 8, 5*w - j - 14 = 0. Let n(u) = -2 + 3 - u**w + 2. Let o(v) = -9*v**2 + 946*v - 102. Let f be o(105). Calculate n(f).
-6
Let g(n) = -64*n - 2133. Let w be g(-33). Let t(u) = u**3 + 18*u**2 - 65*u - 41. Give t(w).
1
Let h(n) = -n + 12. Let s(a) = 2. Suppose -272 = 6*k + 214. Let x = k + 82. Let m(o) = x*h(o) - 3*s(o). What is m(0)?
6
Suppose -4*o - 3*b = 12 - 37, 4*o + 4*b - 24 = 0. Let p(t) = 6*t**2 - 1 - 2*t**2 + 8*t - t**2 - 4*t**2. Determine p(o).
6
Let h(k) = 270*k - 9 + 267*k - 1058*k + 268*k + 259*k. What is h(3)?
9
Let b(m) = m**2 + 9*m + 8. Let n(q) = 2*q**2 - 18*q + 14. Let j be n(8). Let w(f) = -11*f**2 - 5*f. Let p be w(j). Let u = -43 - p. Determine b(u).
8
Let p(a) = 355057 + 3*a**3 - 2*a**3 + 8*a**2 - 355051 - 5*a. Determine p(-7).
90
Let h(y) = y + 12. Let o be h(-8). Let b = o + 1. Let c(x) be the first derivative of -x**3/3 + 3*x**2/2 + 125. What is c(b)?
-10
Let u(t) = -t**3 + 0*t - 11*t + 15 + 15*t + 10*t**2 + 17*t. Give u(12).
-21
Let s(q) = -126*q**3 + 128*q**2 - 6*q - 136. Let b(p) = 46*p**3 - 42*p**2 + 2*p + 45. Let o(t) = 11*b(t) + 4*s(t). Calculate o(-25).
1
Let m(a) = a**3 - 11*a**2 + 4*a + 13. Let o(h) = -62*h + 382. Let p be o(6). Determine m(p).
-47
Let b(x) be the first derivative of x**2 - 8*x + 24329. Let p be (-75)/(-7) - 2/(-7). Calculate b(p).
14
Suppose -2*t + 9 = -3*g + 1, 0 = 4*g - 5*t - 1. Let r(b) = 393*b - 106*b + 5 - 95*b - 90*b - 98*b. Determine r(g).
-19
Let r(b) = -3*b**2 + 10*b - 14. Let p = 12371 + -12369. What is r(p)?
-6
Let t = 4049 + -4056. Let a(c) = c**2 + 20*c + 78. Give a(t).
-13
Let k(p) = -8*p**2 - 49*p - 4. Let d(a) = -14*a**2 - 83*a - 7. Let m(g) = 3*d(g) - 5*k(g). Give m(-2).
-1
Let l(j) be the second derivative of -j**4/12 - j**3 + 19*j**2/2 + 2589*j - 1. Give l(-9).
-8
Let l(d) be the second derivative of d**5/20 - 97*d**3/6 + 15*d**2 - 11628*d. What is l(-10)?
0
Let o be (14 + -10)*(-2)/(-2). Suppose 2*g = 3*s - 8, -s - 5*g = o - 1. Let f(t) = -t - 3*t**s + 4*t + 4*t**2 + 2*t - 8. Calculate f(-6).
-2
Let y(r) = 26*r + 335. Let j(d) = -5*d - 61. Let x(q) = 22*j(q) + 4*y(q). Suppose 2*n = 6*n - 24. Let k be 4*1/2 - n. Calculate x(k).
22
Let l(v) = 4*v + 15. Let x(s) = 5*s + 12. Let j(i) = 6*l(i) - 5*x(i). Determine j(-28).
58
Let v(t) = -3*t**2 + 3. Let f be v(-2). Let k(s) = -12*s + 12. Let l be k(f). Let d(a) = -4*a + 120 - l + 6*a. Calculate d(2).
4
Let h(d) = -2*d + 2. Let n(y) = y**3 + 4. Let q be n(0). Let r be (-93)/(-12) + q/16. Suppose -5*z + 7 = -r. What is h(z)?
-4
Let s(x) = -x**3 + 11*x**2 - 7*x - 23. Let y = -355 - -243. Let m = -102 - y. Determine s(m).
7
Let r(a) = 5*a - 2*a**2 + 2*a**2 - 2*a**2 + 2. Let z = -435 + 439. Suppose z*q - 8 = -5*j, -3*q + 6 - 15 = 0. Determine r(j).
-10
Let s(o) = 0*o - 2*o - 2*o**2 + 3*o**2. Let l be (((-5)/3)/((-30)/36))/(-2). Let g be ((-24)/(-3 - -6))/l + -4. Give s(g).
8
Suppose -9*t = 3*t + 12. Let h be (t - 0)/(-5 + 378/77). Suppose -h*x = -2*x + 72. Let q(p) = p**3 + 8*p**2 + p + 7. Give q(x).
-1
Let q(t) = -110*t + 1555. Let y be q(14). Let j(f) = f**2 - 14*f - 66. Calculate j(y).
-51
Let l(j) = 43*j**3 - 8*j**2 - 3*j. Let y(s) = 7*s**3 - s**2 - 1. Let r(m) = -l(m) + 6*y(m). Determine r(2).
0
Let o = 4679 + -4656. Let s(r) = -2*r**3 + 45*r**2 + 25*r - 53. Determine s(o).
-7
Let o(r) = -5*r + 1. Let z(w) = 16*w + 1. Let i(m) = 7*o(m) + 2*z(m). Determine i(2).
3
Let d(c) be the third derivative of -c**5/60 - 3*c**4/8 + c**3 - 8*c**2. Suppose -3*v - 3*r = 45, -5*r - 94 = 3*v - 37. Determine d(v).
6
Suppose -4*z = -2*r - 24, -2*r + 7*r = -5*z + 15. Let m(y) be the second derivative of 2*y**3/3 - 3*y**2 + 5*y + 164. Determine m(z).
14
Let p(g) be the third derivative of g**5/30 - g**4/24 - g**3/3 + 2*g**2. Let w(d) be the first derivative of p(d). Let n = 52713 + -52714. Give w(n).
-5
Let r(i) = 48*i**3 + 4*i**2 + 17*i - 7. Let v(y) = -25*y**3 + y - 1. Let q(l) = -r(l) - 2*v(l). Determine q(4).
-3
Let t(z) = 181*z**2 - 27*z + 157. Let c(b) = -1357*b**2 + 188*b - 1099. Let x(j) = -2*c(j) - 15*t(j). Calculate x(22).
-3
Let r = -11511 - -11498. Let i(v) = -2*v**3 - 27*v**2 - 14*v - 19. What is i(r)?
-6
Let m = -142 + 142. Let k(a) be the third derivative of a**6/120 - a**4/24 + 2*a**3/3 - 24*a**2. What is k(m)?
4
Suppose -5*q - 21 = 4. Let u(x) = -x + 9. Let k(r) = -5. Let h(t) = 5*k(t) + 3*u(t). Let i(d) = d - 1. Let f(m) = 2*h(m) + 5*i(m). Give f(q).
4
Let w(c) be the first derivative of -c**4/2 + 4*c**3/3 + 9*c**2/2 - 2*c + 467. Determine w(3).
7
Let v(j) = -209*j + 573. Let t(r) = -261*r + 716. Let k(u) = -9*t(u) + 11*v(u). Give k(3).
9
Let w(p) = 0*p + 2 - p - 9. Suppose 9 = 3*z, 3*g - 8 = -3*z + 28. Suppose -10*n - g = 41. Calculate w(n).
-2
Let v(p) = 7*p + 19. Suppose -34 = 4*x + 5*j - 3*j, x = 2*j - 16. Give v(x).
-51
Let n(v) be the second derivative of 0 - 209*v - 1/3*v**4 + 0*v**3 - 1/20*v**5 - 7/2*v**2. Give n(-5).
18
Let g(x) = -51*x - 2 - 83450*x**2 + 3*x - 2 + 83457*x**2. Determine g(7).
3
Let r(q) be the first derivative of 5*q**3 + 17*q - 1/2*q**2 - 1/4*q**4 - 116. Calculate r(15).
2
Let z(i) = 3727 + 7*i**2 - 1857 - 1870. Let j be 0/4*(0 + -1). Let r be 2 + -1 + -2 - j. Give z(r).
7
Let k(q) = -q**3 + 40*q**2 - 41*q + 80. Let z be k(39). Let g(w) = 2*w**3 + 696*w**2 - 703*w**z - w**3. What is g(7)?
0
Let u(j) = 3*j - 1. Suppose -18*w = -21*w - 315. Suppose -8 = -2*d - 214. Let o = d - w. Calculate u(o).
5
Let w = 6274 + -6294. Let b(x) = x**3 + 19*x**2 - 19*x + 18. Give b(w).
-2
Let a(d) = -d**2 + 23*d - 217. Let f(c) = -c**2 + c - 28. Let h(m) = a(m) - 2*f(m). Give h(-27).
1
Suppose 59 + 49 = 36*i. Let h(c) = 15*c**i - 3*c + 2*c - c + 2 - 1. What is h(1)?
14
Let r be (20/(-14) - -2)/((-12)/(-42)). Suppose -2*y + 0*y - 3 = -x, 3*x = -4*y + 59. Let b(m) = 6*m - 19 + 5 + x. Determine b(r).
11
Let i(s) = 6 - s**3 + 39*s**2 + 2*s**2 - 35*s**2 + 40*s. Let g be i(-4). Let a(x) = x**3 - 6*x**2 + 3*x - 8. What is a(g)?
10
Let c be (-8)/(-6) + 1568/12. Suppose c = -4*r + 148. Suppose -r*l = 3*h - 27, 0 = -3*l - 0*l + 4*h - 11. Let x(v) = 3*v + 3. Give x(l).
12
Suppose 2*f - 366 + 108 = -2*i, 0 = -4*f + 2*i + 510. Suppose -f = -a - 119. Let q(k) = -3*k + 31. What is q(a)?
4
Let v(u) = 9*u - 6. Let y be 2/((-6)/3)*-8. Let p(i) = -14*i + 9. Let b(x) = y*v(x) + 5*p(x). Calculate b(2).
1
Let s(v) = v**3 - 10*v**2 + 2*v - 1. Let a(g) = g**3 - 9*g**2 + 3*g - 2. Let r(k) = -5*a(k) + 4*s(k). Let m be 24/528*22 - 6/(-2). Give r(m).
-6
Let l(i) = -i**3 - 4*i**2 - i + 2. Suppose 0 = -3*r + 391 - 82. Suppose -s - 2*q = -r, 375 = 3*s - 5*q + 77. Suppose 9 = s*u - 104*u. What is l(u)?
-4
Let q = -3827 - -3815. Let n(o) = o**2 + 9*o - 6. Calculate n(q).
30
Let j(t) = 7*t - 2. Let y(h) = -6*h + 2. Let k(u) = 2*j(u) + 3*y(u). Suppose -10*c = -33*c - 23. Give k(c).
6
Let z = -2 + -23. Let g be 20/z*30/4. Let t(h) = -2*h + 2 - 5*h + 7*h + 0*h + 3*h. Give t(g).
-16
Let m(d) = 2*d + 12. Let w be (222/(-4))/(18/(-60)). Suppose 193*u - w*u + 88 = 0. Calculate m(u).
-10
Let m(k) be the first derivative of k**2/2 + 2*k - 11. Let b = 12 + -8. Suppose b*s - 9*s + 25 = 0. What is m(s)?
7
Suppose -z = 3*z + 104. Let v = z + 29. Let t(s) = -5*s + 2*s - 3 - 2 + 2 - s**2 - s**v. Give t(-2).
7
Let h(y) = y - 24. Suppose 2*a + 1829 = -5*k + 2*k, -2*k - 1232 = -5*a. Let f = -611 - k. Determine h(f).
-24
Let w(l) = 11*l**2 - 6*l + 25. Let z(y) = 20*y**2 - 12*y + 46. Let x(f) = 11*w(f) - 6*z(f). Let k = -15 - -10. Determine x(k).
-6
Let h(b) = -11*b**3 + 2*b**2 + 5*b - 33. Let d(n) = 6*n**3 - 2*n**2 - 3*n + 18. Let v(z) = 9*d(z) + 5*h(z). Calculate v(0).
-3
Let s(q) = q**2 + 11*q + 8. Suppose 3 = u - 4*d, -2*u - 10*d = -14*d + 10. Calculate s(u).
34
Let c(f) = -4*f + 10. Let w(t) = -t**3 + 4*t**2 + 6*t - 17. Suppose -4*r + 12 = 0, 2*g - 3*g + 2*r - 3 = 0. Let z be w(g). Give c(z).
-30
Suppose -280*d = -287*d + 14. Let a(f) be the second derivative of -1/6*f**3 + 1/12*f**4 + 17*f - 1/20*f**5 + 0 + 5*f**d. Determine a(0).
10
Let w(k) = -k**3 - k**2 + k + 20. Let u be w(0). Let i(r) = 5*r + u - 17 + 5*r**2 - r + 0*r. Suppose -8*o - 2 = -8*o + o. Calculate i(o).
15
Let v(f) = -f - 15*f**3 - 7 + 7*f**2 + 104 + 30*f + 16*f**3 + 46. Give v(-6).
5
Suppose 24*t - 11*t = 91. Suppose 0 = -17*a + 10*a - t. Let h(m) = -2*m**2 - 2*m - 1. Dete